hat is the units digit of 401199786?
6
What is the millions digit of 8512005?
8
What is the hundreds digit of 263651092?
0
What is the ten thousands digit of 153500192?
0
What is the ten millions digit of 444709866?
4
What is the hundreds digit of 63418588?
5
What is the ten millions digit of 650039179?
5
What is the units digit of 116496128?
8
What is the hundred millions digit of 3021703190?
0
What is the tens digit of 36868984?
8
What is the millions digit of 109693823?
9
What is the tens digit of 32049229?
2
What is the units digit of 1464153471?
1
What is the hundreds digit of 13988622?
6
What is the ten millions digit of 1840866282?
4
What is the ten millions digit of 30968318?
3
What is the thousands digit of 1175156381?
6
What is the hundreds digit of 1124762099?
0
What is the millions digit of 620759889?
0
What is the thousands digit of 4532990264?
0
What is the hundreds digit of 1363513519?
5
What is the tens digit of 58813762?
6
What is the thousands digit of 104550368?
0
What is the units digit of 2393973723?
3
What is the hundred thousands digit of 35342862?
3
What is the units digit of 453518249?
9
What is the tens digit of 6869801270?
7
What is the millions digit of 10971894?
0
What is the hundred thousands digit of 950264208?
2
What is the ten millions digit of 28264957?
2
What is the millions digit of 227658575?
7
What is the hundreds digit of 30504488?
4
What is the ten millions digit of 26380231?
2
What is the hundred thousands digit of 346846367?
8
What is the ten thousands digit of 6975793016?
9
What is the units digit of 492145786?
6
What is the millions digit of 322824279?
2
What is the hundred thousands digit of 37773836?
7
What is the hundred millions digit of 664045046?
6
What is the thousands digit of 40216209?
6
What is the hundreds digit of 10223078?
0
What is the tens digit of 282160352?
5
What is the millions digit of 28061978?
8
What is the thousands digit of 539730923?
0
What is the millions digit of 21740847?
1
What is the tens digit of 809321043?
4
What is the ten thousands digit of 239032255?
3
What is the hundred thousands digit of 3300516440?
5
What is the thousands digit of 546683100?
3
What is the thousands digit of 38893715?
3
What is the hundred millions digit of 994172092?
9
What is the hundreds digit of 53990014?
0
What is the hundred thousands digit of 59496757?
4
What is the units digit of 90181940?
0
What is the ten millions digit of 51343592?
5
What is the millions digit of 915332390?
5
What is the tens digit of 2019782521?
2
What is the thousands digit of 117463695?
3
What is the units digit of 42283942?
2
What is the units digit of 183877253?
3
What is the ten millions digit of 736150549?
3
What is the hundred millions digit of 8825015328?
8
What is the ten thousands digit of 11732472?
3
What is the tens digit of 52933225?
2
What is the ten thousands digit of 844722193?
2
What is the hundreds digit of 399813927?
9
What is the ten thousands digit of 12538536?
3
What is the millions digit of 217809958?
7
What is the ten thousands digit of 127383420?
8
What is the thousands digit of 2350872396?
2
What is the billions digit of 1212982875?
1
What is the units digit of 388943073?
3
What is the ten thousands digit of 962436742?
3
What is the hundreds digit of 166314792?
7
What is the ten thousands digit of 128978491?
7
What is the hundreds digit of 43710294?
2
What is the hundred thousands digit of 21655210?
6
What is the units digit of 256559716?
6
What is the ten thousands digit of 55215288?
1
What is the hundreds digit of 696445562?
5
What is the hundreds digit of 1155156461?
4
What is the tens digit of 1079407419?
1
What is the hundred thousands digit of 889111511?
1
What is the ten millions digit of 1806062905?
0
What is the thousands digit of 761748743?
8
What is the units digit of 24483397?
7
What is the thousands digit of 253873580?
3
What is the hundreds digit of 47769417?
4
What is the billions digit of 5931185529?
5
What is the ten thousands digit of 48582603?
8
What is the hundred thousands digit of 115002490?
0
What is the hundred thousands digit of 123088767?
0
What is the tens digit of 126296653?
5
What is the hundred thousands digit of 138949857?
9
What is the tens digit of 254080163?
6
What is the millions digit of 84286547?
4
What is the millions digit of 738244473?
8
What is the ten millions digit of 188314022?
8
What is the units digit of 1089540306?
6
What is the hundreds digit of 34555842?
8
What is the units digit of 99311185?
5
What is the units digit of 5370306733?
3
What is the hundred thousands digit of 15654322?
6
What is the tens digit of 47957218?
1
What is the thousands digit of 424823918?
3
What is the billions digit of 3057961395?
3
What is the ten thousands digit of 44153259?
5
What is the ten thousands digit of 1008804255?
0
What is the hundreds digit of 14455908?
9
What is the hundred thousands digit of 1158205861?
2
What is the hundred millions digit of 548812068?
5
What is the ten millions digit of 1421208300?
2
What is the tens digit of 559755652?
5
What is the ten thousands digit of 405526788?
2
What is the ten millions digit of 315209607?
1
What is the ten thousands digit of 4755709?
5
What is the thousands digit of 156582104?
2
What is the millions digit of 194172857?
4
What is the units digit of 16360872?
2
What is the ten thousands digit of 246016433?
1
What is the units digit of 150606192?
2
What is the hundred millions digit of 1987432015?
9
What is the thousands digit of 1486579004?
9
What is the millions digit of 650896066?
0
What is the tens digit of 289889253?
5
What is the thousands digit of 1582397958?
7
What is the units digit of 45749482?
2
What is the millions digit of 3181544?
3
What is the hundred millions digit of 941166482?
9
What is the millions digit of 919858350?
9
What is the tens digit of 579924641?
4
What is the units digit of 203799308?
8
What is the ten millions digit of 34553357?
3
What is the ten millions digit of 10592189?
1
What is the tens digit of 3177659488?
8
What is the ten millions digit of 824787247?
2
What is the hundred millions digit of 1445526955?
4
What is the hundred millions digit of 2684402204?
6
What is the thousands digit of 1434191320?
1
What is the ten millions digit of 258365765?
5
What is the millions digit of 1944630822?
4
What is the hundred thousands digit of 759806274?
8
What is the thousands digit of 30857989?
7
What is the ten thousands digit of 95065009?
6
What is the tens digit of 28287550?
5
What is the ten millions digit of 71797388?
7
What is the hundred thousands digit of 70735880?
7
What is the thousands digit of 90270617?
0
What is the hundred thousands digit of 320739?
3
What is the hundred thousands digit of 4160813112?
8
What is the hundred thousands digit of 62622492?
6
What is the ten millions digit of 335254894?
3
What is the millions digit of 9296988?
9
What is the ten millions digit of 261731450?
6
What is the hundreds digit of 6029100?
1
What is the thousands digit of 56262142?
2
What is the units digit of 59905924?
4
What is the millions digit of 412621321?
2
What is the hundred millions digit of 2804993108?
8
What is the thousands digit of 3740509?
0
What is the billions digit of 1644249534?
1
What is the thousands digit of 41800985?
0
What is the hundreds digit of 37773520?
5
What is the millions digit of 7030805?
7
What is the hundred thousands digit of 913645805?
6
What is the thousands digit of 5161603167?
3
What is the units digit of 17182521?
1
What is the ten thousands digit of 34183649?
8
What is the ten thousands digit of 114614947?
1
What is the ten millions digit of 145123148?
4
What is the thousands digit of 33940503?
0
What is the ten millions digit of 27056931?
2
What is the units digit of 66382497?
7
What is the hundred millions digit of 329323344?
3
What is the thousands digit of 28112544?
2
What is the ten millions digit of 96097314?
9
What is the tens digit of 1401942804?
0
What is the thousands digit of 25074448?
4
What is the tens digit of 18788323?
2
What is the tens digit of 41883336?
3
What is the ten thousands digit of 41153842?
5
What is the hundreds digit of 443686882?
8
What is the units digit of 2145290521?
1
What is the hundred thousands digit of 606381